- -4. Suppose -x*g = -13 - 1. What is the units digit of g?
7
Let z = -2 - -2. Let l be 0 - (-4 - -2) - -4. Suppose 3*x = -z*x + l. What is the units digit of x?
2
Let l = 97 - 62. What is the tens digit of l?
3
Let d be 2 + (6 + -4)*-1. Suppose d = 4*v - 13 + 5. What is the units digit of v?
2
Suppose -2*r = v - 74, r + 2*v + v = 42. What is the units digit of r?
6
Let h be -5 - (0 + -1)*2. What is the units digit of 50/4 - h/(-2)?
1
Suppose -5*u = 1 - 31. Let p be (-6)/(-1)*9/u. Suppose -3*i + 6*i = p. What is the units digit of i?
3
Suppose -20*n + 837 = -17*n. What is the hundreds digit of n?
2
Let p = 1 + 1. Suppose p*i = -0*i + 14. What is the units digit of i?
7
Suppose -7*z + 2*z + 230 = 0. What is the tens digit of z?
4
What is the units digit of (-1)/8 - (6 - 4375/56)?
2
Let t(a) = -3*a - 22. What is the units digit of t(-8)?
2
Let m be 6/(-21) - 150/14. Let s = 18 + m. What is the units digit of s?
7
Let y be 1/(4/(-88) - 0). Let f = 4 - y. What is the tens digit of f?
2
Let v = 57 + -32. What is the units digit of v?
5
Let d = 26 + -44. What is the units digit of (d/4)/(7/(-14))?
9
Let w(k) = k**2 + 2*k - 1. Let z be w(8). Let x = z - 25. What is the units digit of x?
4
Let s(k) = -k**2 + 11*k + 8. Let r be s(9). What is the units digit of 1916/52 + 4/r?
7
Let y(a) = -6*a - 3. What is the tens digit of y(-3)?
1
Suppose 2*r - 39 = -3*q + 11, 4*q + 4*r - 64 = 0. Suppose 2*y + 2*k = q, -6 = -4*k + 14. What is the units digit of y/((-1)/(-1)*2)?
2
Let b = 17 + -31. What is the units digit of (-66)/(-14) - 4/b?
5
Let i be ((-66)/(-2))/(6/22). Suppose -3*v = 4*j - i, 2*j = -v - 2*v + 65. What is the units digit of j?
8
Let i = 10 - 6. Let h(m) = -m**2 + 8*m - 5. Let k be h(7). Suppose 6 = k*l - i. What is the units digit of l?
5
Suppose -2*f - 15 - 7 = 0. What is the units digit of (2/4)/(f/(-22))?
1
Suppose -f + 2*m = 4*m - 134, 2*f - 268 = 3*m. What is the units digit of f?
4
Let j(x) be the first derivative of 2*x**3/3 - 7*x**2/2 - x - 2. Let c be j(5). Let q = c - 5. What is the units digit of q?
9
Let k = -2 + 5. Suppose k*l = l + 38. What is the tens digit of l?
1
Let j = 14 - 10. Let a = 3 - j. What is the units digit of (-34)/(-4) + a/2?
8
Let s = 61 + -26. What is the tens digit of s?
3
Let r be 2/(((-2)/(-4))/(-1)). Let f be (-9)/3 + 3 - r. Suppose 2*s = f*s - 18. What is the units digit of s?
9
Suppose 0 - 16 = -2*o. Let d = -6 + o. Suppose 8 + d = 2*s. What is the units digit of s?
5
Let c(t) = -17*t**2 + 2*t + 6. Let f(l) = 9*l**2 - l - 3. Let s(z) = -6*c(z) - 11*f(z). Let n be s(3). Let k = -14 + n. What is the units digit of k?
7
Suppose 12*z - 46 = 11*z. What is the tens digit of z?
4
Let j(z) = -3*z + 4. Let f(p) = -6*p + 8. Let x(s) = 3*f(s) - 5*j(s). What is the tens digit of x(-5)?
1
Let j be 4/(-3)*42/(-4). Let c = j - -2. What is the units digit of c?
6
Suppose -i = 3*i - 124. What is the tens digit of i?
3
Let l = -14 + 20. Let p(r) = l - 3*r + 2 - 5 + 4*r. What is the units digit of p(9)?
2
Suppose 3*b - 4*g = 567, -5*b + 945 = -3*g + 6*g. What is the tens digit of b?
8
Suppose i = 5*f + 55, 0*f + 136 = 2*i + 3*f. What is the tens digit of i?
6
Suppose -5*b = 3*o - 460, -4*o + 238 = -3*b - 356. What is the hundreds digit of o?
1
Let y(m) = -2*m. Let w be y(-6). Let p = 20 - w. What is the units digit of p?
8
What is the tens digit of ((-220)/66)/((-50)/(-54) + -1)?
4
Let v = 3 + -1. Suppose 2*y + 32 = r + r, 5*r = -v*y + 45. What is the units digit of r?
1
Let g(f) = -2*f**2 - 5*f + 2. Let t be g(-4). Let l(p) = p + 13. Let i be l(t). What is the units digit of (0 + -3)/(i/(-2))?
2
What is the tens digit of 1*(14 - (0 + -1))?
1
What is the tens digit of 89*(-1)/(3/(-9) - 0)?
6
Let r = -78 - -81. What is the units digit of r?
3
Let t(a) = a**3 + 5*a**2 + 3*a + 1. Let m be 38/8 - (-2)/8. Suppose -4 = -m*h - 14. What is the units digit of t(h)?
7
Let b(r) = -r**3 + 13*r**2 - 4*r - 23. What is the units digit of b(7)?
3
Let a(m) = -m**3 - 4*m**2 + 5*m + 3. Let f be ((-20)/(-6))/(4/(-6)). Let n be a(f). Suppose -2*y = -n*y + 15. What is the tens digit of y?
1
Let a = 105 - 33. Suppose 0 = -2*f - f + a. What is the units digit of f?
4
What is the units digit of 8 - (-4)/(-4 - -3)?
4
Suppose 430 = 3*u - a, -702 = u - 6*u - 2*a. What is the tens digit of u?
4
Suppose 6*p + 0*p - 342 = 0. What is the units digit of p?
7
Let x be -2 - 0 - -3 - 0. Let w = 9 - x. What is the units digit of w?
8
Let d be (-4)/18 - (-40)/18. Let t(b) = 3*b - 1. Let v(w) = -1. Let m(f) = d*v(f) - t(f). What is the units digit of m(-2)?
5
Let a(m) = 4*m**2 - 3*m - 4. What is the units digit of a(4)?
8
Let r = -12 + 22. Suppose -12 - 18 = -3*a + 3*h, -a - 4*h - r = 0. What is the units digit of a?
6
Suppose 3*q - 108 = 120. Suppose 0*f = -4*f + q. What is the tens digit of f?
1
Let m(b) = 3*b**2 + b. Let p be m(1). Let y be 3*(1 + -3)/2. Let x = y + p. What is the units digit of x?
1
Let g(j) = -9*j + 2 + 9*j**2 + 0 + 2 - 10*j**2. What is the tens digit of g(-7)?
1
Suppose 5*h = 2*h - 4*m + 186, 3*h = m + 186. What is the tens digit of h?
6
Let l be ((-6)/4)/((-15)/(-80)). What is the units digit of (l - -2)/(-2) - 1?
2
Suppose -3*n + 58 = -2*c - 8, c - 4*n = -33. Let d be c/(-6) - 1/2. Suppose d*o + 5 = 4*j, -4*j + 8 = -4*o - 0*j. What is the units digit of o?
3
Let a be 2/4*(3 + -3). Let y be (2 - a - 6)*-1. What is the units digit of y/(-6)*-3*1?
2
Suppose k = -5, t - 336 = -0*k - 4*k. What is the tens digit of t?
5
Let n(a) = -6*a. Suppose 0 = -3*z - 3, -2*v - 3*z - z = 8. Let q be n(v). Suppose -2*g + 22 = 4*h, -13 = -4*h - 5*g + q. What is the units digit of h?
5
Let m be (-355)/(-10) - (-1)/2. Let r = m - 11. What is the tens digit of r?
2
Let i = -5 + 8. Let c = 16 - i. What is the units digit of c?
3
Suppose 2*u + 17 = i, -5*i = -7*i - 2*u + 16. What is the units digit of i?
1
Let t be (3/5)/((-2)/(-30)). Let b = t - 0. Suppose 0 = -2*j + b + 3. What is the units digit of j?
6
What is the units digit of ((-32)/40)/(1/(-30))?
4
Suppose 4 = -3*f - 20. Let b(k) = k**2 + 9*k + 12. What is the units digit of b(f)?
4
Let m(t) = -t**2 + 6*t - 1. Let r be m(5). Suppose -9*c = -r*c + 40. What is the units digit of (-4)/16 + (-58)/c?
7
Suppose -g = -2*k + 1, 2*g = -2*k + k - 2. Suppose -r = -k*r + 4. What is the units digit of ((-26)/r)/(2/4)?
3
Let f(v) = -v**2 - 6*v - 2. Let n be f(-8). Let p = -14 - n. What is the units digit of p?
4
Suppose 58 = -3*p + 172. What is the units digit of p?
8
Suppose 3*h - 3*r - 9 = 0, -r + 20 = 3*r. Suppose 4*x = 3*x - h. Let v = 15 + x. What is the units digit of v?
7
Let n = -40 - -116. What is the tens digit of n?
7
Suppose 170 = 4*f - 134. What is the tens digit of f?
7
Let c = -3 + 7. Suppose c*l + 8 = 6*l. Suppose -3*d + 11 - 28 = -2*i, 24 = 3*i - l*d. What is the units digit of i?
4
Let o = 14 + -26. Let v(t) = -t**3 - 13*t**2 - 12*t + 13. What is the units digit of v(o)?
3
Let o be (2 + -1)*-1 + 5. Suppose 10 = -o*h - h. What is the units digit of -2*1/h + 7?
8
Let z = -23 - -79. What is the units digit of z?
6
Suppose -4*b = -3*a + 57 + 15, 0 = b + 3*a + 3. What is the units digit of ((-12)/b)/(3/15)?
4
Let p = -39 - -72. What is the units digit of p?
3
Let u(h) = 8*h**2 - 2*h. What is the tens digit of u(2)?
2
Suppose -h + 5*h + 36 = -4*c, -17 = -2*h + 5*c. Let r = h - -5. What is the units digit of r?
1
Let c(n) be the second derivative of n**3/2 + 55*n**2/2 - 3*n. What is the tens digit of c(0)?
5
Let h(j) = j + 15. Let z(r) = -2*r + 1. Let p be z(6). What is the units digit of h(p)?
4
Suppose 3*r + c - 339 = 2*c, -5*r = -c - 565. What is the tens digit of r?
1
Let h(d) = -d**2 - 6*d - 3. Let m be h(-5). What is the units digit of (-1323)/(-77) - m/11?
7
Let p be (4/(-6))/(2/6). Let l be (-1)/(-4) - 150/24. What is the units digit of l*(0 - p/(-6))?
2
Let y = 159 + 22. What is the tens digit of y?
8
Let a = -79 - -139. What is the tens digit of a?
6
Suppose 153 = 4*o - 3*x, x - 32 = -o + 3*x. What is the units digit of o?
2
Let p(q) = q**3 + 11*q**2 + 8*q - 12. Let z be p(-10). Suppose w + z = -4*v - 8, w = -v - 7. What is the units digit of (-2 - v - -4)/1?
5
What is the tens digit of (-246)/(-3) - (-1 - (4 - 2))?
8
Let h(k) = -k**2 - 6*k - 4. Let d be h(-6). Let i be -4*(2 + 14/d). Let y = i + -